v) = v + 1. Let d(t) = -c(t) - 2*o(t). What are the prime factors of d(7)?
5
Let h = 37 + -1. Suppose -4*v - h = -0*v. List the prime factors of (-6)/v*63/6.
7
Let w(q) = -2*q**3 - 7*q**2 - 8*q - 4. What are the prime factors of w(-4)?
2, 11
Let d(m) = m**3 + m**2 + m - 4. List the prime factors of d(2).
2, 5
Let t = 38 - -18. What are the prime factors of t?
2, 7
Let i(s) = 4*s**2. Let h be i(1). What are the prime factors of 10*h/((-16)/(-6))?
3, 5
Suppose -1 - 27 = 4*u + 4*h, 2*h + 22 = -4*u. What are the prime factors of (u/6)/(3/(-90))?
2, 5
Let h(r) = r + 4. Let u be h(-8). Let k = u - -4. Suppose s - 17 + 5 = k. List the prime factors of s.
2, 3
Suppose -5 - 68 = -n. List the prime factors of n.
73
Let w = 96 - 53. What are the prime factors of w?
43
Let m be ((-1)/(-3))/((-1)/6). Let p be (-3)/6*(0 + m). Suppose p = 3*s - 29. What are the prime factors of s?
2, 5
What are the prime factors of 56/(-308) + (-1)/((-22)/1060)?
2, 3
Let n(v) = 9*v - 3. Let r be n(3). Let u = 42 - r. What are the prime factors of u?
2, 3
Suppose 2*x = x - 4. Suppose -b + 6*b + 40 = 0. Let m = x - b. List the prime factors of m.
2
Suppose -2*f + 1 + 3 = 0. Suppose -m = f*m + 2*g - 44, g = 4*m - 66. Suppose -c - c + m = 0. What are the prime factors of c?
2
Let y(l) = 68*l**2 + 4*l - 3. What are the prime factors of y(2)?
277
What are the prime factors of (-170)/4*4/(-5)?
2, 17
Let y(g) = -g**3 - 3*g**2 + g - 1. Let a be y(-3). Let m = a + 8. Let i(o) = o**3 - 5*o**2 + 5*o. What are the prime factors of i(m)?
2
Let a = 6 + 0. Suppose -3*c = -2*l - 2 + 12, 3 = -2*c + 5*l. List the prime factors of (a/c)/((-6)/32).
2
Let o(h) = 3*h + 1. Let c = -4 - -9. List the prime factors of o(c).
2
Let f(r) = 3*r**2 - 1. Let k be f(1). Suppose 2*n = z - k*z + 2, -5*n - 40 = -5*z. Suppose z + 0 = b. List the prime factors of b.
2, 3
Let g = -16 + 44. What are the prime factors of g?
2, 7
Suppose -4*k + 2*k + 26 = 0. Suppose w - k = -9. What are the prime factors of w?
2
Let j be (1/3)/((-10)/30). List the prime factors of 4/12*j*-39.
13
Let p = -135 - -196. List the prime factors of p.
61
Let v(z) = -2*z**2 + 1 + 0*z**2 + 3*z**2 - 4*z. Let c be v(5). List the prime factors of -2 - (-15)/c*4.
2
Let x(q) = 15 - 4*q - q + 4*q. Suppose -5 = -t - 0*w + 4*w, 2*t = w + 17. List the prime factors of x(t).
2, 3
Let c = -52 + 78. What are the prime factors of c?
2, 13
Let s(v) = 6*v**2 - 4*v + 4. What are the prime factors of s(2)?
2, 5
Let l be (16/12)/((-1)/(-21)). Let h(u) = u**3 + 6*u**2 - 5*u - 4. Let s be h(-7). Let w = l + s. List the prime factors of w.
2, 5
Let a be (-136)/(-36) - 4/(-18). Suppose -6*y = a*v - y - 19, v - 4*y = 31. What are the prime factors of v?
11
Suppose 3*v - 3*h + 5 + 16 = 0, -v + 4*h = 10. List the prime factors of (4/(-3))/(4/v).
2
Let r(c) = 10*c - 1. Let f(z) = z. Let n(t) = 4*f(t) - r(t). What are the prime factors of n(-4)?
5
Let t = 29 + -2. List the prime factors of t.
3
Let d = -1 - -3. Suppose -d - 10 = -4*w. Suppose 0 = 3*b - 8*b + 3*v + 23, 0 = -3*b - w*v + 33. What are the prime factors of b?
7
Let x(l) = l + 4. Suppose -2*c = 4*i + 16, 2*i - i + 11 = -4*c. Let u be x(i). Suppose 2*t + u = 17. List the prime factors of t.
2
Let k(f) = 2*f**3 - 3*f**2 - f - 3. Suppose 1 = -j + 4. Let b be k(j). Let y = -14 + b. List the prime factors of y.
7
Let a(c) = -9*c + 7. Let x be (-4)/(-1) + 14/(-2). List the prime factors of a(x).
2, 17
Suppose 3*u + 504 = 5*q + 2*u, 4*q - 5*u = 399. What are the prime factors of q?
101
Let j(l) be the first derivative of -l**4/12 - 2*l**3/3 + 7*l**2/2 - 3*l + 3. Let f(g) be the first derivative of j(g). List the prime factors of f(-5).
2
Let l(i) = 3*i**2 - i - 1. Let a be l(-1). Suppose -a*m = -3*r - 7*m + 33, m = r - 11. What are the prime factors of r?
11
Suppose -103*m = -99*m - 44. List the prime factors of m.
11
Suppose 15 = 3*r - 6. Let v = r - -7. List the prime factors of v.
2, 7
Let j be 1/4 + (-7)/(-4). Suppose -5*i - 45 = -5*v, -5*v + 45 = -j*i - 2*i. List the prime factors of v.
3
What are the prime factors of -1*(0 + -1) + 17?
2, 3
Let p(y) = 22*y + 74. List the prime factors of p(10).
2, 3, 7
Let n = -3 - -5. Let l be (-5 + 3)*6/4. What are the prime factors of 12 + (l - (1 - n))?
2, 5
Let q(a) = -2*a - 6. Let u be q(-4). Let l be 52*((-3)/u - -2). Suppose -5*i = 3*o - l, 0 = -5*o + 6*o + 3*i - 10. List the prime factors of o.
7
Let p(v) = v**3 + v - 1. Let m(k) = k**3 + k**2 - 5*k - 1. Let z(b) = -m(b) - 2*p(b). What are the prime factors of z(-2)?
17
Let r(u) = -u**3 + 6*u**2 + 2*u - 6. Let v = 12 + -6. What are the prime factors of r(v)?
2, 3
Let h = 153 - 102. What are the prime factors of h?
3, 17
Let l be (-6)/(-4)*(-12)/9. Let m be 32 + 2 + l + -1. Let f = m - 21. What are the prime factors of f?
2, 5
Let h(v) = 107*v**2 - 2*v + 1. What are the prime factors of h(1)?
2, 53
Let b(w) = -w**2 + w + 2. Let i be b(2). What are the prime factors of i*(-3)/6 - -6?
2, 3
Let g(k) = -k**2 + 11*k - 8. Let t be g(8). What are the prime factors of ((-10)/(-4) - 2)*t?
2
Let p be (-1)/4 - 77/(-4). Let z = p - 11. What are the prime factors of z?
2
Let d(f) = -2*f + 17. List the prime factors of d(0).
17
Let s = 80 + -21. List the prime factors of s.
59
Let o(l) = -l**3 + 13*l**2 - 22*l - 2. What are the prime factors of o(9)?
2, 31
Suppose -3*o = o - 12. Let k be 65/20 - 2/8. Suppose j - 6*y + 2*y = k, -6 = -o*y. What are the prime factors of j?
11
Let x = 80 + -20. Suppose -3*u = -x - 18. List the prime factors of u.
2, 13
Suppose h - 8 = -0*h. List the prime factors of h.
2
Suppose 6 = 2*f - 2. Suppose 4*p = -i + 18, -3*i + f*i + 3*p = 20. List the prime factors of i.
2, 13
Let x be (-20)/(-3) + (-20)/30. Let w = 30 - x. What are the prime factors of w?
2, 3
Let g(c) = -12*c - 21. List the prime factors of g(-9).
3, 29
Suppose -1616 = -7*r + 190. What are the prime factors of r?
2, 3, 43
Suppose -1313 = -12*m + 91. What are the prime factors of m?
3, 13
Let z(l) = l**2 + 8*l + 6. Let y be z(-7). Let n be y*(1 - 1 - 4). What are the prime factors of n/6 - 28/(-21)?
2
Let v be (-3 - (-4)/4)*-1. Suppose v*a - 4*h = -14, -2*a - 9 = -h - 2*h. List the prime factors of a.
3
Suppose 9*i - 5*i - 140 = 0. What are the prime factors of i?
5, 7
Let d(f) = -8*f + 3. Let w be d(-6). Suppose 0 = -5*h - b - 3, 0 = h - b + 6*b + 15. Suppose h = -4*i + 33 + w. List the prime factors of i.
3, 7
Let w = 33 - 26. List the prime factors of w.
7
Let r be (-16)/6*(-3)/2. Let c be (-14)/((1 - -1) + -4). Suppose -c + 59 = r*t. List the prime factors of t.
13
Let t(l) = -l - 5. Let p be t(-12). Suppose -p*i + 25 = -2*i. List the prime factors of i.
5
Let q = -13 + 22. Let v(j) = -7*j**2 + 18*j + 13. Let p(r) = 3*r**2 - 9*r - 7. Let w(n) = -5*p(n) - 2*v(n). List the prime factors of w(q).
3
Let x(a) = a - 4. Let k be x(4). Let l be k + 0 + -1 + 3. Suppose l*s + 18 = 5*s. What are the prime factors of s?
2, 3
Let v(c) = 3*c**3 + 2*c**2 - 2*c**3 - 3*c**2 + 0*c**3 + 2 - 2*c. What are the prime factors of v(3)?
2, 7
Let n(y) = -2*y + 2. Let b be n(-3). Suppose 2*m - 6 = b. List the prime factors of m - 3/(-3)*1.
2
Let g(n) be the third derivative of n**7/840 + n**6/90 - n**5/60 - n**3/6 - 2*n**2. Let j(s) be the first derivative of g(s). List the prime factors of j(-4).
2
Suppose -3*j + 4 + 218 = 0. List the prime factors of j.
2, 37
Let x(n) be the second derivative of -n**3/3 + n**2/2 + n. Suppose -k = 0, 4*k = -3*w + 1 - 4. List the prime factors of x(w).
3
Let j(b) = 8*b**2 - 2*b - 6. What are the prime factors of j(-3)?
2, 3
Let u be 2/((-3)/(27/(-6))). Suppose 2*b = -2*y + 10, -3*b = -u*y - 2 - 1. Suppose 4*z - 10 = y. List the prime factors of z.
3
Let i(q) = -q**3 + 6*q**2 - 5*q + 5. Let n be i(5). List the prime factors of 23/n - (-2)/5.
5
Let a(u) = 10*u + 49. List the prime factors of a(5).
3, 11
Suppose 12 = -4*d, -o - 2*d = -2*o + 62. Suppose -4 + o = 4*n. What are the prime factors of n?
13
Suppose -2*w + 3*w + 5*j = 10, -3*w = -j - 14. Let z = w + -3. Suppose -z = -c - 0. What are the prime factors of c?
2
Let n = 9 + -7. Suppose a = -n*a + 48. What are the prime factors of a?
2
Suppose 5*b - 15 = 5. List the prime factors of (-54)/16*-2*b.
3
What are the prime factors of 90*5/(50/4)?
2, 3
Let x = -3 + 4. Let f = x -